3 = -3*s. List the prime factors of -1*(-2 + (-22)/h).
13
Let q(n) = -n**2 + 9*n + 12. List the prime factors of q(10).
2
Let b = 3 + -1. Suppose -q + 9 = b*q. Suppose -10 = -q*f - 1. What are the prime factors of f?
3
Let i(w) = 2*w**3 - 7*w**2 + 11*w + 2. List the prime factors of i(4).
2, 31
Suppose -4*x - 68 = -5*c, -17 - 34 = -3*c - x. Let u = c + -5. What are the prime factors of u?
11
Suppose 0 = 5*m - 3*m + 60. Let p = -14 - m. List the prime factors of p.
2
Let y(z) = 2*z**2 + 12*z - 3. List the prime factors of y(-7).
11
Suppose 3*n + 112 = 7*n. List the prime factors of 3/(96/n + -3).
7
Let g(r) = -8*r**3 - r**2 - r. Suppose 3*x = w + 1, 0*w + 7 = -3*x - w. What are the prime factors of g(x)?
2
Let l be (-2)/4 + (-5)/(-2). Suppose l*s - 7*s + 60 = 0. List the prime factors of s.
2, 3
Let l = 85 - 22. List the prime factors of l.
3, 7
Suppose 4*b = 10*b - 1932. What are the prime factors of b?
2, 7, 23
Suppose -142 = -3*n + n. List the prime factors of n.
71
Let r(y) = -152*y - 12. What are the prime factors of r(-2)?
2, 73
Let c(a) = -a**2 - 6*a + 4. Let o be c(-6). Suppose -o*x - 72 = 5*y, -2*y + 5*y - 4*x = -56. Let r = y - -30. List the prime factors of r.
2, 7
Let z(w) = -2*w**2 + 1. Let c be z(1). List the prime factors of (-4 + (-2)/c)*-1.
2
Let d = 16 - 1. Let h = -8 + d. List the prime factors of h.
7
Let q(j) = j**2 - 3*j + 1. Let t be q(3). Let z(b) = -3*b + b**3 - 3*b + 0*b**2 - 6*b**2 + t. List the prime factors of z(7).
2
Suppose 3*a - 5*q - 16 - 1 = 0, -3*a - 3*q = 15. Let z(t) = -t + 1. Let c(n) = -7*n - 3. Let p(g) = a*c(g) - 4*z(g). List the prime factors of p(1).
2, 5
Suppose -w = i - 2, -4*w = 5*i - w - 14. What are the prime factors of (-2)/i*56/(-4)?
7
Let y(x) = -3*x**2 + 10*x + 8 + 2*x**2 + 2*x. Suppose h + 2*n - 12 = n, 4*n + 29 = 3*h. What are the prime factors of y(h)?
19
Let x = -29 - 109. Let m be x/(-4)*8/(-12). Let c = -15 - m. What are the prime factors of c?
2
Let d be 6/(-9)*18/(-4). What are the prime factors of 2/d*-3 - -14?
2, 3
Let n(a) = 7*a - 6. What are the prime factors of n(6)?
2, 3
Let v = -14 + 38. What are the prime factors of v?
2, 3
Let j(b) = 20*b**2 + 4*b + 5. What are the prime factors of j(-2)?
7, 11
Let h = -43 + 25. Let s = 30 + h. List the prime factors of s.
2, 3
Suppose m + 3*c + 22 = 0, 23 = -4*m + 2*c - c. Let u = m + 40. List the prime factors of u.
3, 11
Let i be 2*3/(-6) + 6. Suppose i*z - 12 = 58. What are the prime factors of z?
2, 7
Let l = -8 + 11. List the prime factors of (-26)/(-3) - (-1)/l.
3
Suppose 2*r - 270 - 495 = -3*q, -q + 263 = -2*r. What are the prime factors of q?
257
Let v(f) = 4*f**2 + 2*f**2 + 11*f**2. Let z be v(-1). Let u = -10 + z. What are the prime factors of u?
7
Let k be (-2)/(-7)*(1 - -6). Let p be 1/(-2) - (-1)/k. List the prime factors of (7 - -1) + (1 - p).
3
Let n(j) = -2*j - 4. Let r(v) be the second derivative of -v**5/20 + 5*v**4/12 - v**3 + 2*v**2 + v. Let z be r(4). What are the prime factors of n(z)?
2
Suppose o - 32 = 3*p - 13, -p = 2*o - 3. What are the prime factors of o?
2
Suppose 16 = 3*r - 2. Let h = -4 + r. Suppose -5*u - h*v + 16 = -5*v, -3*v = 3*u - 24. What are the prime factors of u?
5
Let o = 97 + 185. List the prime factors of o.
2, 3, 47
Suppose 9 = 2*i - 1. Suppose -i*w = 5*h - 15, w = 1 - 3. Suppose 0 = 4*x - 15 - h. What are the prime factors of x?
5
Let t(f) = 0*f**2 - 5 + 5 + 4*f + f**2. What are the prime factors of t(-6)?
2, 3
Let k(p) = 4*p**2 + p - 1. Let f be k(1). Let c(t) = -1 + 3 - 7 - f*t. What are the prime factors of c(-6)?
19
Suppose 0 = -2*v, 0*v = -5*r - 3*v + 15. Let z = r - -1. Suppose -z*j + 37 = -3. List the prime factors of j.
2, 5
Let o(d) = -3*d + 4. What are the prime factors of o(-6)?
2, 11
Let j(u) = -19*u - 6. List the prime factors of j(-1).
13
List the prime factors of (-4)/(5 - 1) + 7*7.
2, 3
Let j(o) = -o**2 - 1. Let q(s) = -2*s**2 + 4*s - 6. Let k(g) = -6*j(g) + 2*q(g). What are the prime factors of k(-6)?
2, 3
Let k(q) = q**3 - 14*q**2 - 18*q - 15. What are the prime factors of k(16)?
11, 19
Let d = 6 - 0. Let m be 10/25 + 44/(-10). Let z = d + m. What are the prime factors of z?
2
Let l be ((-12)/14)/(5/(-35)). Let g = l - 4. Let n = g - -1. What are the prime factors of n?
3
Suppose 4*o = o - 2*p + 10, 2*o - 3*p - 11 = 0. Suppose -o = -4*v + 40. What are the prime factors of v?
11
Let q(r) = -r**3 + r - 1. Let u(f) = 10*f**3 + f**2 - 3*f + 1. Let z(l) = 2*q(l) + u(l). Let v be z(-1). Let g = v - -12. What are the prime factors of g?
5
Suppose 17 = -5*o - 4*w + 3*w, -5*o = -5*w + 5. List the prime factors of ((-6)/(-8))/(o/(-60)).
3, 5
Let f(p) = p**2 + 12*p + 10. Let l be f(-7). Let k = l + 57. What are the prime factors of k?
2
Let t(y) = 21*y - 1. Suppose 0 = 5*u - 0*u - 15. What are the prime factors of t(u)?
2, 31
Suppose -x + 102 = 4*j - 122, -163 = -3*j - 2*x. List the prime factors of j.
3, 19
What are the prime factors of ((-11)/(-22))/((-1)/(-24))?
2, 3
Let t(f) = -1 + 7*f - 5*f - 3*f - f**2 + 3*f + 31*f**3. List the prime factors of t(1).
31
Let h = -34 + -5. Let p be (-340)/12 + (-2)/(-6). Let j = p - h. List the prime factors of j.
11
Let g = 2 + 3. Suppose 4*u - 4*c + 12 = -0, 2*c + 50 = -g*u. Let p = -2 - u. What are the prime factors of p?
2, 3
Let l(z) = z**2 - 12*z - 14. List the prime factors of l(18).
2, 47
Let v = -12 - -25. List the prime factors of v.
13
Suppose 27 - 4 = 5*h + 2*n, 2*h - 11 = n. Suppose -5*t - h*l = -25, 2*l + 21 = 2*t - 9. List the prime factors of t.
2, 5
Let a(u) be the first derivative of u**3/3 + 2*u**2 + 5*u + 2. Let k be a(-4). Suppose 3*q + 2*h + 7 = -3*h, -50 = -k*q + 4*h. List the prime factors of q.
2, 3
Suppose -b + 30 = -0*b. What are the prime factors of b?
2, 3, 5
Suppose 0 = 3*y - 6, -3*t + 7*t - 4*y - 16 = 0. Suppose -n + t = -0*n. List the prime factors of n.
2, 3
List the prime factors of 141 - 20/(-4) - -6.
2, 19
Suppose -3*v = 6 + 3, -3*l + 5*v = -123. List the prime factors of l.
2, 3
Suppose 1 = 3*n + 13, 5*a - 5*n - 95 = 0. What are the prime factors of a?
3, 5
Let x(d) = -d**2 - d + 44. List the prime factors of x(0).
2, 11
Let k(u) be the first derivative of 6*u**3 - u**2/2 - u - 2. List the prime factors of k(1).
2
List the prime factors of (-4 - 18*-2) + 3.
5, 7
Let b = -35 - -122. What are the prime factors of b?
3, 29
Suppose 8*w - 366 = 498. List the prime factors of w.
2, 3
Suppose -1515 = -45*g + 40*g. What are the prime factors of g?
3, 101
Suppose 0 = -2*l + 4*c + 68, 0*l - 58 = -3*l - 5*c. Suppose -2*r + l = -r. Let p = -18 + r. What are the prime factors of p?
2
Suppose -3*j + 54 = 3*t, 0*j = -j. Suppose -5*a = -p - 0*p - 63, -t = -a + 2*p. What are the prime factors of a?
2, 3
Suppose 0 = -g + 5*q + 202, -2*q - 7 + 3 = 0. List the prime factors of g.
2, 3
Let y(m) = m**3 + 5*m**2 + 2*m + 3. Let j(s) = s + 1 - 4*s - s + 2*s**2 + s**3 + 2*s**2. Let z be j(-5). List the prime factors of y(z).
11
Let q(g) = -g**2 - 7*g - 3. Let n(l) be the second derivative of l**4/12 + 4*l**3/3 + 7*l**2/2 - l. Let z be n(-6). What are the prime factors of q(z)?
7
Let f(b) = 20*b**2 - 1. Let z be f(-2). Let v = z - 54. What are the prime factors of v?
5
Let l = 1 - -6. What are the prime factors of l?
7
What are the prime factors of ((-122)/3)/(4/(-6)) - 2?
59
Suppose n - 3*n + 80 = 5*v, 5 = -n. List the prime factors of v.
2, 3
Let n(k) be the first derivative of 5*k**3/3 + 1. Let o be n(-1). Suppose o*j - 4*j - 22 = 0. List the prime factors of j.
2, 11
Let u = 100 + -67. Suppose 17 = -2*w - u. Let j = w + 41. What are the prime factors of j?
2
Let k = -7 + 19. Let z = -118 + 117. Let g = k - z. List the prime factors of g.
13
Suppose -5*n + 3*m + 14 = -48, 4*n + m - 36 = 0. List the prime factors of n.
2, 5
Suppose 0 = l - w - 44, -5*w - 35 - 144 = -4*l. What are the prime factors of l?
41
Let v = 6 + -12. Let a(l) = -3*l - 7. List the prime factors of a(v).
11
Let r be 2/7 - 198/(-42). Let t = -3 + r. Suppose 2 = -t*b, -3*s + 4*s - 5*b = 16. What are the prime factors of s?
11
Let t(b) be the third derivative of 1/8*b**4 - b**2 + 0 + 0*b - 1/2*b**3. List the prime factors of t(3).
2, 3
Let b = -13 - -8. Let r = 1 - b. List the prime factors of r.
2, 3
Suppose -3*g + j = -1 - 7, 0 = -5*g - j + 24. What are the prime facto